{"id":149,"date":"2025-05-04T13:01:02","date_gmt":"2025-05-04T11:01:02","guid":{"rendered":"https:\/\/best-speller.fr\/index.php\/catalogue-3\/"},"modified":"2025-05-04T16:56:16","modified_gmt":"2025-05-04T14:56:16","slug":"catalogue-3","status":"publish","type":"page","link":"https:\/\/best-speller.fr\/index.php\/catalogue-3\/","title":{"rendered":"Catalogue"},"content":{"rendered":"\n<h2 class=\"wp-block-heading has-text-align-center\"><strong>ROMANCE<\/strong><\/h2>\n\n\n\n<h4 class=\"wp-block-heading has-text-align-center\"><strong>Dark Romance<\/strong><\/h4>\n\n\n\n<figure class=\"wp-block-gallery has-nested-images columns-default is-cropped wp-block-gallery-1 is-layout-flex wp-block-gallery-is-layout-flex\">\n<figure class=\"wp-block-image size-large\"><img loading=\"lazy\" decoding=\"async\" width=\"640\" height=\"1024\" data-id=\"151\" src=\"https:\/\/best-speller.fr\/wp-content\/uploads\/2025\/05\/FFTD1_shop-860x1376-1-640x1024.png\" alt=\"\" class=\"wp-image-151\" srcset=\"https:\/\/best-speller.fr\/wp-content\/uploads\/2025\/05\/FFTD1_shop-860x1376-1-640x1024.png 640w, https:\/\/best-speller.fr\/wp-content\/uploads\/2025\/05\/FFTD1_shop-860x1376-1-188x300.png 188w, https:\/\/best-speller.fr\/wp-content\/uploads\/2025\/05\/FFTD1_shop-860x1376-1-768x1229.png 768w, https:\/\/best-speller.fr\/wp-content\/uploads\/2025\/05\/FFTD1_shop-860x1376-1.png 860w\" sizes=\"auto, (max-width: 640px) 100vw, 640px\" \/><\/figure>\n\n\n\n<figure class=\"wp-block-image size-large\"><img loading=\"lazy\" decoding=\"async\" width=\"640\" height=\"1024\" data-id=\"162\" src=\"https:\/\/best-speller.fr\/wp-content\/uploads\/2025\/05\/FFTD2_shop-860x1376-1-640x1024.jpg\" alt=\"\" class=\"wp-image-162\" srcset=\"https:\/\/best-speller.fr\/wp-content\/uploads\/2025\/05\/FFTD2_shop-860x1376-1-640x1024.jpg 640w, https:\/\/best-speller.fr\/wp-content\/uploads\/2025\/05\/FFTD2_shop-860x1376-1-188x300.jpg 188w, https:\/\/best-speller.fr\/wp-content\/uploads\/2025\/05\/FFTD2_shop-860x1376-1-768x1229.jpg 768w, https:\/\/best-speller.fr\/wp-content\/uploads\/2025\/05\/FFTD2_shop-860x1376-1.jpg 860w\" sizes=\"auto, (max-width: 640px) 100vw, 640px\" \/><\/figure>\n\n\n\n<figure class=\"wp-block-image size-large\"><img loading=\"lazy\" decoding=\"async\" width=\"640\" height=\"1024\" data-id=\"163\" src=\"https:\/\/best-speller.fr\/wp-content\/uploads\/2025\/05\/FFTD3_shop-860x1376-1-640x1024.png\" alt=\"\" class=\"wp-image-163\" srcset=\"https:\/\/best-speller.fr\/wp-content\/uploads\/2025\/05\/FFTD3_shop-860x1376-1-640x1024.png 640w, https:\/\/best-speller.fr\/wp-content\/uploads\/2025\/05\/FFTD3_shop-860x1376-1-188x300.png 188w, https:\/\/best-speller.fr\/wp-content\/uploads\/2025\/05\/FFTD3_shop-860x1376-1-768x1229.png 768w, https:\/\/best-speller.fr\/wp-content\/uploads\/2025\/05\/FFTD3_shop-860x1376-1.png 860w\" sizes=\"auto, (max-width: 640px) 100vw, 640px\" \/><\/figure>\n<\/figure>\n\n\n\n<p class=\"has-text-align-center\"><strong><em>Fallen for the Devil,<\/em><\/strong><em> Tomes 1, 2 et 3,<\/em> Irina Blake, HEA.<br><em>B\u00eata-lecture, r\u00e9\u00e9criture, suivi \u00e9ditoria<\/em>l.<\/p>\n\n\n\n<p class=\"has-text-align-center\"><\/p>\n\n\n\n<h4 class=\"wp-block-heading has-text-align-center\"><strong>Romance suspense<\/strong><\/h4>\n\n\n\n<figure class=\"wp-block-gallery has-nested-images columns-default is-cropped wp-block-gallery-2 is-layout-flex wp-block-gallery-is-layout-flex\">\n<figure class=\"wp-block-image size-large\"><img loading=\"lazy\" decoding=\"async\" width=\"400\" height=\"643\" data-id=\"161\" src=\"https:\/\/best-speller.fr\/wp-content\/uploads\/2025\/05\/Burning-feelings.jpg\" alt=\"\" class=\"wp-image-161\" srcset=\"https:\/\/best-speller.fr\/wp-content\/uploads\/2025\/05\/Burning-feelings.jpg 400w, https:\/\/best-speller.fr\/wp-content\/uploads\/2025\/05\/Burning-feelings-187x300.jpg 187w\" sizes=\"auto, (max-width: 400px) 100vw, 400px\" \/><\/figure>\n\n\n\n<figure class=\"wp-block-image size-large\"><img loading=\"lazy\" decoding=\"async\" width=\"400\" height=\"640\" data-id=\"164\" src=\"https:\/\/best-speller.fr\/wp-content\/uploads\/2025\/05\/Burning-feelings-2.jpg\" alt=\"\" class=\"wp-image-164\" srcset=\"https:\/\/best-speller.fr\/wp-content\/uploads\/2025\/05\/Burning-feelings-2.jpg 400w, https:\/\/best-speller.fr\/wp-content\/uploads\/2025\/05\/Burning-feelings-2-188x300.jpg 188w\" sizes=\"auto, (max-width: 400px) 100vw, 400px\" \/><\/figure>\n\n\n\n<figure class=\"wp-block-image size-large\"><img loading=\"lazy\" decoding=\"async\" width=\"400\" height=\"640\" data-id=\"156\" src=\"https:\/\/best-speller.fr\/wp-content\/uploads\/2025\/05\/Burning-feelings-1.jpg\" alt=\"\" class=\"wp-image-156\" srcset=\"https:\/\/best-speller.fr\/wp-content\/uploads\/2025\/05\/Burning-feelings-1.jpg 400w, https:\/\/best-speller.fr\/wp-content\/uploads\/2025\/05\/Burning-feelings-1-188x300.jpg 188w\" sizes=\"auto, (max-width: 400px) 100vw, 400px\" \/><\/figure>\n<\/figure>\n\n\n\n<p class=\"has-text-align-center\"><strong><em>Burning Feelings,<\/em><\/strong><em> Tomes 1, 2 et 3,<\/em> Sweet Pearl Girl, HEA.<br><em>B\u00eata-lecture, r\u00e9\u00e9criture, suivi \u00e9ditoria<\/em>l.<\/p>\n\n\n\n<p><\/p>\n\n\n\n<h4 class=\"wp-block-heading has-text-align-center\">Com\u00e9die romantique<\/h4>\n\n\n\n<figure class=\"wp-block-image aligncenter size-large is-resized\"><img loading=\"lazy\" decoding=\"async\" width=\"722\" height=\"1024\" src=\"https:\/\/best-speller.fr\/wp-content\/uploads\/2025\/05\/9782488198004-722x1024.jpg\" alt=\"\" class=\"wp-image-160\" style=\"width:274px;height:auto\" srcset=\"https:\/\/best-speller.fr\/wp-content\/uploads\/2025\/05\/9782488198004-722x1024.jpg 722w, https:\/\/best-speller.fr\/wp-content\/uploads\/2025\/05\/9782488198004-211x300.jpg 211w, https:\/\/best-speller.fr\/wp-content\/uploads\/2025\/05\/9782488198004-768x1089.jpg 768w, https:\/\/best-speller.fr\/wp-content\/uploads\/2025\/05\/9782488198004-1083x1536.jpg 1083w, https:\/\/best-speller.fr\/wp-content\/uploads\/2025\/05\/9782488198004-1444x2048.jpg 1444w, https:\/\/best-speller.fr\/wp-content\/uploads\/2025\/05\/9782488198004-scaled.jpg 1805w\" sizes=\"auto, (max-width: 722px) 100vw, 722px\" \/><\/figure>\n\n\n\n<p class=\"has-text-align-center\"><strong><em>Ayesha At Last<\/em><\/strong>, Uzma Jalaluddin, Mawadab \u00c9ditions.<br><em>Traduction (de l&#8217;anglais au fran\u00e7ais), suivi \u00e9ditorial<\/em>.<\/p>\n\n\n\n<p><\/p>\n\n\n\n<h2 class=\"wp-block-heading has-text-align-center\"><strong>JEUNESSE<\/strong><\/h2>\n\n\n\n<h4 class=\"wp-block-heading has-text-align-center\"><strong>3 ans et +<\/strong><\/h4>\n\n\n\n<figure class=\"wp-block-gallery aligncenter has-nested-images columns-default is-cropped wp-block-gallery-3 is-layout-flex wp-block-gallery-is-layout-flex\">\n<figure class=\"wp-block-image aligncenter size-large\"><img loading=\"lazy\" decoding=\"async\" width=\"454\" height=\"624\" data-id=\"158\" src=\"https:\/\/best-speller.fr\/wp-content\/uploads\/2025\/05\/livre-les-contes-de-kelly-editions-o-maila.jpeg\" alt=\"\" class=\"wp-image-158\" srcset=\"https:\/\/best-speller.fr\/wp-content\/uploads\/2025\/05\/livre-les-contes-de-kelly-editions-o-maila.jpeg 454w, https:\/\/best-speller.fr\/wp-content\/uploads\/2025\/05\/livre-les-contes-de-kelly-editions-o-maila-218x300.jpeg 218w\" sizes=\"auto, (max-width: 454px) 100vw, 454px\" \/><\/figure>\n\n\n\n<figure class=\"wp-block-image size-large\"><img loading=\"lazy\" decoding=\"async\" width=\"364\" height=\"497\" data-id=\"157\" src=\"https:\/\/best-speller.fr\/wp-content\/uploads\/2025\/05\/kelly.png\" alt=\"\" class=\"wp-image-157\" srcset=\"https:\/\/best-speller.fr\/wp-content\/uploads\/2025\/05\/kelly.png 364w, https:\/\/best-speller.fr\/wp-content\/uploads\/2025\/05\/kelly-220x300.png 220w\" sizes=\"auto, (max-width: 364px) 100vw, 364px\" \/><\/figure>\n<\/figure>\n\n\n\n<p class=\"has-text-align-center\"><strong><em>Les contes de Kelly, <\/em><\/strong><em>Tome 1 &amp; 2<\/em>, Kelly O\u2019Ma\u00efla, \u00c9ditions O\u2019Ma\u00efla.<br><em>Relecture, correction.<\/em><\/p>\n\n\n\n<p><\/p>\n\n\n\n<h4 class=\"wp-block-heading has-text-align-center\"><strong>8 ans et +<\/strong><\/h4>\n\n\n\n<figure class=\"wp-block-gallery has-nested-images columns-default is-cropped wp-block-gallery-4 is-layout-flex wp-block-gallery-is-layout-flex\">\n<figure class=\"wp-block-image size-large\"><img loading=\"lazy\" decoding=\"async\" width=\"600\" height=\"938\" data-id=\"165\" src=\"https:\/\/best-speller.fr\/wp-content\/uploads\/2025\/05\/39_9782959015069_1_75.jpg\" alt=\"\" class=\"wp-image-165\" srcset=\"https:\/\/best-speller.fr\/wp-content\/uploads\/2025\/05\/39_9782959015069_1_75.jpg 600w, https:\/\/best-speller.fr\/wp-content\/uploads\/2025\/05\/39_9782959015069_1_75-192x300.jpg 192w\" sizes=\"auto, (max-width: 600px) 100vw, 600px\" \/><\/figure>\n\n\n\n<figure class=\"wp-block-image size-large\"><img loading=\"lazy\" decoding=\"async\" width=\"625\" height=\"1000\" data-id=\"166\" src=\"https:\/\/best-speller.fr\/wp-content\/uploads\/2025\/05\/71Oad44FE-L._AC_UF10001000_QL80_.jpg\" alt=\"\" class=\"wp-image-166\" srcset=\"https:\/\/best-speller.fr\/wp-content\/uploads\/2025\/05\/71Oad44FE-L._AC_UF10001000_QL80_.jpg 625w, https:\/\/best-speller.fr\/wp-content\/uploads\/2025\/05\/71Oad44FE-L._AC_UF10001000_QL80_-188x300.jpg 188w\" sizes=\"auto, (max-width: 625px) 100vw, 625px\" \/><\/figure>\n<\/figure>\n\n\n\n<p class=\"has-text-align-center\"><strong><em>Academy Story, <\/em><\/strong><em>Tome 3 &amp; 4<\/em>, Na\u00efm Hammami, Aftal Story.<br><em>Suivi \u00e9ditorial, correction.<\/em><\/p>\n\n\n\n<h4 class=\"wp-block-heading has-text-align-center\">12 ans et +<\/h4>\n\n\n\n<figure class=\"wp-block-image aligncenter size-full is-resized\"><img loading=\"lazy\" decoding=\"async\" width=\"631\" height=\"903\" src=\"https:\/\/best-speller.fr\/wp-content\/uploads\/2025\/05\/WhatsAppImage2025-05-03a23.09.23_16a6e0a6.jpg\" alt=\"\" class=\"wp-image-152\" style=\"width:274px;height:auto\" srcset=\"https:\/\/best-speller.fr\/wp-content\/uploads\/2025\/05\/WhatsAppImage2025-05-03a23.09.23_16a6e0a6.jpg 631w, https:\/\/best-speller.fr\/wp-content\/uploads\/2025\/05\/WhatsAppImage2025-05-03a23.09.23_16a6e0a6-210x300.jpg 210w\" sizes=\"auto, (max-width: 631px) 100vw, 631px\" \/><\/figure>\n\n\n\n<p class=\"has-text-align-center\"><strong><em>Le printemps de mon c\u0153ur, <\/em><\/strong><em>Tome 1<\/em>, Sandy Ngolo, \u00c9ditions O\u2019Ma\u00efla.<br><em>Suivi \u00e9ditorial, correction.<\/em><\/p>\n\n\n\n<h2 class=\"wp-block-heading has-text-align-center\">Non-fiction<\/h2>\n\n\n\n<figure class=\"wp-block-gallery has-nested-images columns-default is-cropped wp-block-gallery-5 is-layout-flex wp-block-gallery-is-layout-flex\">\n<figure class=\"wp-block-image size-large\"><img loading=\"lazy\" decoding=\"async\" width=\"724\" height=\"1024\" data-id=\"153\" src=\"https:\/\/best-speller.fr\/wp-content\/uploads\/2025\/05\/couvmag-724x1024.webp\" alt=\"\" class=\"wp-image-153\" srcset=\"https:\/\/best-speller.fr\/wp-content\/uploads\/2025\/05\/couvmag-724x1024.webp 724w, https:\/\/best-speller.fr\/wp-content\/uploads\/2025\/05\/couvmag-212x300.webp 212w, https:\/\/best-speller.fr\/wp-content\/uploads\/2025\/05\/couvmag-768x1087.webp 768w, https:\/\/best-speller.fr\/wp-content\/uploads\/2025\/05\/couvmag.webp 848w\" sizes=\"auto, (max-width: 724px) 100vw, 724px\" \/><\/figure>\n\n\n\n<figure class=\"wp-block-image size-large\"><img loading=\"lazy\" decoding=\"async\" width=\"724\" height=\"1024\" data-id=\"154\" src=\"https:\/\/best-speller.fr\/wp-content\/uploads\/2025\/05\/Futurs-Couv-20220709_1_-724x1024.webp\" alt=\"\" class=\"wp-image-154\" srcset=\"https:\/\/best-speller.fr\/wp-content\/uploads\/2025\/05\/Futurs-Couv-20220709_1_-724x1024.webp 724w, https:\/\/best-speller.fr\/wp-content\/uploads\/2025\/05\/Futurs-Couv-20220709_1_-212x300.webp 212w, https:\/\/best-speller.fr\/wp-content\/uploads\/2025\/05\/Futurs-Couv-20220709_1_-768x1087.webp 768w, https:\/\/best-speller.fr\/wp-content\/uploads\/2025\/05\/Futurs-Couv-20220709_1_.webp 848w\" sizes=\"auto, (max-width: 724px) 100vw, 724px\" \/><\/figure>\n<\/figure>\n\n\n\n<p class=\"has-text-align-center\"><strong><em>Col\u00e8re<\/em><\/strong><em>, <\/em><em>revue n\u00b01,<\/em><strong><em> Futur(s)<\/em><\/strong><em>, <\/em><em>revue n\u00b02<\/em>, Deuxi\u00e8me page.<br><em>Relecture, correction.<\/em><\/p>\n\n\n\n<figure class=\"wp-block-image aligncenter size-full is-resized\"><img loading=\"lazy\" decoding=\"async\" width=\"591\" height=\"879\" src=\"https:\/\/best-speller.fr\/wp-content\/uploads\/2025\/05\/Capture-decran-2025-04-29-121713-2.jpg\" alt=\"\" class=\"wp-image-168\" style=\"width:277px;height:auto\" srcset=\"https:\/\/best-speller.fr\/wp-content\/uploads\/2025\/05\/Capture-decran-2025-04-29-121713-2.jpg 591w, https:\/\/best-speller.fr\/wp-content\/uploads\/2025\/05\/Capture-decran-2025-04-29-121713-2-202x300.jpg 202w\" sizes=\"auto, (max-width: 591px) 100vw, 591px\" \/><\/figure>\n\n\n\n<p class=\"has-text-align-center\"><strong><em>Rena\u00eetre chaque jour,<\/em><\/strong> Lolita Iranezereza, Gusoma \u00e9ditions. <br><em>Suivi \u00e9ditorial, correction.<\/em><\/p>\n\n\n\n<h4 class=\"wp-block-heading has-text-align-center\">Po\u00e9sie<\/h4>\n\n\n\n<figure class=\"wp-block-image aligncenter size-full is-resized\"><img loading=\"lazy\" decoding=\"async\" width=\"907\" height=\"1360\" src=\"https:\/\/best-speller.fr\/wp-content\/uploads\/2025\/05\/61nMzdiaGyL.jpg\" alt=\"\" class=\"wp-image-169\" style=\"width:277px;height:auto\" srcset=\"https:\/\/best-speller.fr\/wp-content\/uploads\/2025\/05\/61nMzdiaGyL.jpg 907w, https:\/\/best-speller.fr\/wp-content\/uploads\/2025\/05\/61nMzdiaGyL-200x300.jpg 200w, https:\/\/best-speller.fr\/wp-content\/uploads\/2025\/05\/61nMzdiaGyL-683x1024.jpg 683w, https:\/\/best-speller.fr\/wp-content\/uploads\/2025\/05\/61nMzdiaGyL-768x1152.jpg 768w\" sizes=\"auto, (max-width: 907px) 100vw, 907px\" \/><\/figure>\n\n\n\n<p class=\"has-text-align-center\"><strong><em>Le jardin au fond de toi,<\/em><\/strong> Fa\u00efza Khemar, auto-\u00e9dition. <br><em>Relecture, correction,<\/em> <em>mise en page.<\/em><\/p>\n","protected":false},"excerpt":{"rendered":"<p>ROMANCE Dark Romance Fallen for the Devil, Tomes 1, 2 et 3, Irina Blake, HEA.B\u00eata-lecture, r\u00e9\u00e9criture, suivi \u00e9ditorial. Romance suspense Burning Feelings, Tomes 1, 2 et 3, Sweet Pearl Girl, HEA.B\u00eata-lecture, r\u00e9\u00e9criture, suivi \u00e9ditorial. Com\u00e9die romantique Ayesha At Last, Uzma Jalaluddin, Mawadab \u00c9ditions.Traduction (de l&#8217;anglais au fran\u00e7ais), suivi \u00e9ditorial. JEUNESSE 3 ans et + Les [&hellip;]<\/p>\n","protected":false},"author":1,"featured_media":0,"parent":0,"menu_order":0,"comment_status":"closed","ping_status":"closed","template":"catalogue","meta":{"footnotes":""},"class_list":["post-149","page","type-page","status-publish","hentry"],"_links":{"self":[{"href":"https:\/\/best-speller.fr\/index.php\/wp-json\/wp\/v2\/pages\/149","targetHints":{"allow":["GET"]}}],"collection":[{"href":"https:\/\/best-speller.fr\/index.php\/wp-json\/wp\/v2\/pages"}],"about":[{"href":"https:\/\/best-speller.fr\/index.php\/wp-json\/wp\/v2\/types\/page"}],"author":[{"embeddable":true,"href":"https:\/\/best-speller.fr\/index.php\/wp-json\/wp\/v2\/users\/1"}],"replies":[{"embeddable":true,"href":"https:\/\/best-speller.fr\/index.php\/wp-json\/wp\/v2\/comments?post=149"}],"version-history":[{"count":2,"href":"https:\/\/best-speller.fr\/index.php\/wp-json\/wp\/v2\/pages\/149\/revisions"}],"predecessor-version":[{"id":178,"href":"https:\/\/best-speller.fr\/index.php\/wp-json\/wp\/v2\/pages\/149\/revisions\/178"}],"wp:attachment":[{"href":"https:\/\/best-speller.fr\/index.php\/wp-json\/wp\/v2\/media?parent=149"}],"curies":[{"name":"wp","href":"https:\/\/api.w.org\/{rel}","templated":true}]}}