{"id":114,"date":"2023-11-03T11:51:01","date_gmt":"2023-11-03T10:51:01","guid":{"rendered":"https:\/\/best-speller.fr\/?page_id=114"},"modified":"2025-05-04T19:11:58","modified_gmt":"2025-05-04T17:11:58","slug":"qui-se-cache-derriere-best-speller","status":"publish","type":"page","link":"https:\/\/best-speller.fr\/index.php\/qui-se-cache-derriere-best-speller\/","title":{"rendered":"Qui se cache derri\u00e8re Best-Speller ?"},"content":{"rendered":"\n<div class=\"wp-block-columns is-layout-flex wp-container-core-columns-is-layout-28f84493 wp-block-columns-is-layout-flex\">\n<div class=\"wp-block-column is-layout-flow wp-block-column-is-layout-flow\" style=\"flex-basis:25%\">\n<figure class=\"wp-block-image size-large\"><img loading=\"lazy\" decoding=\"async\" width=\"576\" height=\"1024\" src=\"https:\/\/best-speller.fr\/wp-content\/uploads\/2025\/05\/486205176_1379729099845220_5884660862931630926_n-1-576x1024.jpg\" alt=\"\" class=\"wp-image-189\" srcset=\"https:\/\/best-speller.fr\/wp-content\/uploads\/2025\/05\/486205176_1379729099845220_5884660862931630926_n-1-576x1024.jpg 576w, https:\/\/best-speller.fr\/wp-content\/uploads\/2025\/05\/486205176_1379729099845220_5884660862931630926_n-1-169x300.jpg 169w, https:\/\/best-speller.fr\/wp-content\/uploads\/2025\/05\/486205176_1379729099845220_5884660862931630926_n-1.jpg 750w\" sizes=\"auto, (max-width: 576px) 100vw, 576px\" \/><\/figure>\n\n\n\n<figure class=\"wp-block-image size-full\"><img loading=\"lazy\" decoding=\"async\" width=\"295\" height=\"598\" src=\"https:\/\/best-speller.fr\/wp-content\/uploads\/2025\/05\/Capture-decran-2025-05-04-190224-2.jpg\" alt=\"\" class=\"wp-image-199\" srcset=\"https:\/\/best-speller.fr\/wp-content\/uploads\/2025\/05\/Capture-decran-2025-05-04-190224-2.jpg 295w, https:\/\/best-speller.fr\/wp-content\/uploads\/2025\/05\/Capture-decran-2025-05-04-190224-2-148x300.jpg 148w\" sizes=\"auto, (max-width: 295px) 100vw, 295px\" \/><\/figure>\n\n\n\n<figure class=\"wp-block-image size-large\"><img loading=\"lazy\" decoding=\"async\" width=\"921\" height=\"1024\" src=\"https:\/\/best-speller.fr\/wp-content\/uploads\/2025\/05\/IMG_5015-921x1024.jpg\" alt=\"\" class=\"wp-image-203\" srcset=\"https:\/\/best-speller.fr\/wp-content\/uploads\/2025\/05\/IMG_5015-921x1024.jpg 921w, https:\/\/best-speller.fr\/wp-content\/uploads\/2025\/05\/IMG_5015-270x300.jpg 270w, https:\/\/best-speller.fr\/wp-content\/uploads\/2025\/05\/IMG_5015-768x854.jpg 768w, https:\/\/best-speller.fr\/wp-content\/uploads\/2025\/05\/IMG_5015-1382x1536.jpg 1382w, https:\/\/best-speller.fr\/wp-content\/uploads\/2025\/05\/IMG_5015-1842x2048.jpg 1842w\" sizes=\"auto, (max-width: 921px) 100vw, 921px\" \/><\/figure>\n<\/div>\n\n\n\n<div class=\"wp-block-column is-layout-flow wp-block-column-is-layout-flow\"><\/div>\n\n\n\n<div class=\"wp-block-column is-layout-flow wp-block-column-is-layout-flow\" style=\"flex-basis:50%\">\n<h4 class=\"wp-block-heading has-text-align-left\">Une \u00e9ditrice passionn\u00e9e et bienveillante<\/h4>\n\n\n\n<p>Moi, c&#8217;est Dounia.<\/p>\n\n\n\n<p>Plus jeune, j\u2019avais du mal \u00e0 savoir ce que je voulais \u00ab faire de ma vie \u00bb &#8211; rien ne me paraissait aussi fort que les livres -, jusqu\u2019\u00e0 ce que je d\u00e9couvre le m\u00e9tier d\u2019\u00e9ditrice.<\/p>\n\n\n\n<p>Ce m\u00e9tier allie tout ce qui me correspond : curiosit\u00e9, cr\u00e9ativit\u00e9, altruisme, r\u00e9flexion et transmission.<\/p>\n\n\n\n<p>Une fois mon dipl\u00f4me d\u2019\u00e9ditrice obtenu, j\u2019ai ressenti le besoin de m\u2019impliquer dans un projet qui me ressemble et d\u2019effectuer des missions qui me passionnent.<\/p>\n\n\n\n<p>C\u2019est ainsi que <em>Best-Speller<\/em> est n\u00e9. Avec cette micro-entreprise, j\u2019entreprends ce que j\u2019ai toujours r\u00eav\u00e9 de faire : accompagner vos projets \u00e9ditoriaux et les pousser aussi loin que possible, comme s&#8217;ils \u00e9taient les miens.&nbsp;<\/p>\n\n\n\n<p>Transparence, bienveillance, passion et rigueur sont mes mots d\u2019ordre. J\u2019aborde chacun de vos projets avec minutie, en respectant les besoins et la personnalit\u00e9 de chaque client.e.<\/p>\n\n\n\n<h4 class=\"wp-block-heading\">Pourquoi Best-<em>Speller<\/em> ?<\/h4>\n\n\n\n<p>Vous l\u2019aurez s\u00fbrement compris, \u00ab Best-Speller \u00bb est un jeu de mot avec <em>best-seller<\/em>, le nom donn\u00e9 aux succ\u00e8s litt\u00e9raires.<\/p>\n\n\n\n<p>Mais, <em>speller<\/em>, \u00e7a veut dire quoi ?<\/p>\n\n\n\n<p>En anglais, <em>speller <\/em>vient du mot <em>spell<\/em>, qui a plusieurs significations :&nbsp;<\/p>\n\n\n\n<ol class=\"wp-block-list\">\n<li><strong><em>To spell<\/em> : \u00e9crire, \u00e9peler. <\/strong>Le <em>speller<\/em> est donc une personne qui sait \u00e9peler correctement les mots. C\u2019est aussi le nom qu\u2019on donne aux livres d\u2019orthographe.<\/li>\n<\/ol>\n\n\n\n<ol start=\"2\" class=\"wp-block-list\">\n<li><strong><em>A spell<\/em> : une formule magique, une incantation, un sort.<\/strong> C\u2019est l\u2019arme fatale des f\u00e9es et des sorci\u00e8res.<\/li>\n<\/ol>\n\n\n\n<p>En travaillant derri\u00e8re <em>Best-Speller<\/em>, je vise l\u2019excellence et tente de conf\u00e9rer \u00e0 vos manuscrits une qualit\u00e9 digne d\u2019un best-seller. Et, parce que je crois en la magie des mots, j\u2019y s\u00e8me quelques \u00e9tincelles, en esp\u00e9rant avec force qu\u2019elles vous feront briller.<\/p>\n\n\n\n<hr class=\"wp-block-separator aligncenter has-alpha-channel-opacity\"\/>\n\n\n\n<h5 class=\"wp-block-heading has-text-align-center\">Suivez-moi sur Instagram et TikTok<\/h5>\n\n\n\n<ul class=\"wp-block-social-links is-content-justification-center is-layout-flex wp-container-core-social-links-is-layout-a89b3969 wp-block-social-links-is-layout-flex\"><li class=\"wp-social-link wp-social-link-instagram  wp-block-social-link\"><a href=\"https:\/\/www.instagram.com\/bestspeller\/\" class=\"wp-block-social-link-anchor\"><svg width=\"24\" height=\"24\" viewBox=\"0 0 24 24\" version=\"1.1\" xmlns=\"http:\/\/www.w3.org\/2000\/svg\" aria-hidden=\"true\" focusable=\"false\"><path d=\"M12,4.622c2.403,0,2.688,0.009,3.637,0.052c0.877,0.04,1.354,0.187,1.671,0.31c0.42,0.163,0.72,0.358,1.035,0.673 c0.315,0.315,0.51,0.615,0.673,1.035c0.123,0.317,0.27,0.794,0.31,1.671c0.043,0.949,0.052,1.234,0.052,3.637 s-0.009,2.688-0.052,3.637c-0.04,0.877-0.187,1.354-0.31,1.671c-0.163,0.42-0.358,0.72-0.673,1.035 c-0.315,0.315-0.615,0.51-1.035,0.673c-0.317,0.123-0.794,0.27-1.671,0.31c-0.949,0.043-1.233,0.052-3.637,0.052 s-2.688-0.009-3.637-0.052c-0.877-0.04-1.354-0.187-1.671-0.31c-0.42-0.163-0.72-0.358-1.035-0.673 c-0.315-0.315-0.51-0.615-0.673-1.035c-0.123-0.317-0.27-0.794-0.31-1.671C4.631,14.688,4.622,14.403,4.622,12 s0.009-2.688,0.052-3.637c0.04-0.877,0.187-1.354,0.31-1.671c0.163-0.42,0.358-0.72,0.673-1.035 c0.315-0.315,0.615-0.51,1.035-0.673c0.317-0.123,0.794-0.27,1.671-0.31C9.312,4.631,9.597,4.622,12,4.622 M12,3 C9.556,3,9.249,3.01,8.289,3.054C7.331,3.098,6.677,3.25,6.105,3.472C5.513,3.702,5.011,4.01,4.511,4.511 c-0.5,0.5-0.808,1.002-1.038,1.594C3.25,6.677,3.098,7.331,3.054,8.289C3.01,9.249,3,9.556,3,12c0,2.444,0.01,2.751,0.054,3.711 c0.044,0.958,0.196,1.612,0.418,2.185c0.23,0.592,0.538,1.094,1.038,1.594c0.5,0.5,1.002,0.808,1.594,1.038 c0.572,0.222,1.227,0.375,2.185,0.418C9.249,20.99,9.556,21,12,21s2.751-0.01,3.711-0.054c0.958-0.044,1.612-0.196,2.185-0.418 c0.592-0.23,1.094-0.538,1.594-1.038c0.5-0.5,0.808-1.002,1.038-1.594c0.222-0.572,0.375-1.227,0.418-2.185 C20.99,14.751,21,14.444,21,12s-0.01-2.751-0.054-3.711c-0.044-0.958-0.196-1.612-0.418-2.185c-0.23-0.592-0.538-1.094-1.038-1.594 c-0.5-0.5-1.002-0.808-1.594-1.038c-0.572-0.222-1.227-0.375-2.185-0.418C14.751,3.01,14.444,3,12,3L12,3z M12,7.378 c-2.552,0-4.622,2.069-4.622,4.622S9.448,16.622,12,16.622s4.622-2.069,4.622-4.622S14.552,7.378,12,7.378z M12,15 c-1.657,0-3-1.343-3-3s1.343-3,3-3s3,1.343,3,3S13.657,15,12,15z M16.804,6.116c-0.596,0-1.08,0.484-1.08,1.08 s0.484,1.08,1.08,1.08c0.596,0,1.08-0.484,1.08-1.08S17.401,6.116,16.804,6.116z\"><\/path><\/svg><span class=\"wp-block-social-link-label screen-reader-text\">Instagram<\/span><\/a><\/li>\n\n<li class=\"wp-social-link wp-social-link-tiktok  wp-block-social-link\"><a href=\"https:\/\/l.facebook.com\/l.php?u=https%3A%2F%2Fwww.tiktok.com%2F%40best.speller%3F_t%3D8h3BAjriwC0%26_r%3D1%26fbclid%3DIwAR3J7eSqup5AKAQ0uakKYf0LgSYkHzMLynGHhpKSCgIbit6WyC-y3GQup3U&#038;h=AT3M-Opr64N5mCmD3RRrfAeLOtKIPQOPaUoG6X_2XBNF-jYEjyt2tEMhvH3vN8bodkcD7hL__ZMAZcrCBXX8y7pqGXvOl5PhCMgy5djzLtOmSUXLqJ9HyBjBYeltXAcxOW1O0Q\" class=\"wp-block-social-link-anchor\"><svg width=\"24\" height=\"24\" viewBox=\"0 0 32 32\" version=\"1.1\" xmlns=\"http:\/\/www.w3.org\/2000\/svg\" aria-hidden=\"true\" focusable=\"false\"><path d=\"M16.708 0.027c1.745-0.027 3.48-0.011 5.213-0.027 0.105 2.041 0.839 4.12 2.333 5.563 1.491 1.479 3.6 2.156 5.652 2.385v5.369c-1.923-0.063-3.855-0.463-5.6-1.291-0.76-0.344-1.468-0.787-2.161-1.24-0.009 3.896 0.016 7.787-0.025 11.667-0.104 1.864-0.719 3.719-1.803 5.255-1.744 2.557-4.771 4.224-7.88 4.276-1.907 0.109-3.812-0.411-5.437-1.369-2.693-1.588-4.588-4.495-4.864-7.615-0.032-0.667-0.043-1.333-0.016-1.984 0.24-2.537 1.495-4.964 3.443-6.615 2.208-1.923 5.301-2.839 8.197-2.297 0.027 1.975-0.052 3.948-0.052 5.923-1.323-0.428-2.869-0.308-4.025 0.495-0.844 0.547-1.485 1.385-1.819 2.333-0.276 0.676-0.197 1.427-0.181 2.145 0.317 2.188 2.421 4.027 4.667 3.828 1.489-0.016 2.916-0.88 3.692-2.145 0.251-0.443 0.532-0.896 0.547-1.417 0.131-2.385 0.079-4.76 0.095-7.145 0.011-5.375-0.016-10.735 0.025-16.093z\" \/><\/svg><span class=\"wp-block-social-link-label screen-reader-text\">TikTok<\/span><\/a><\/li><\/ul>\n\n\n\n<p><\/p>\n\n\n\n<p><\/p>\n<\/div>\n\n\n\n<div class=\"wp-block-column is-layout-flow wp-block-column-is-layout-flow\" style=\"flex-basis:25%\">\n<figure class=\"wp-block-image size-full\"><img loading=\"lazy\" decoding=\"async\" width=\"295\" height=\"598\" src=\"https:\/\/best-speller.fr\/wp-content\/uploads\/2025\/05\/Capture-decran-2025-05-04-190224-1.jpg\" alt=\"\" class=\"wp-image-198\" srcset=\"https:\/\/best-speller.fr\/wp-content\/uploads\/2025\/05\/Capture-decran-2025-05-04-190224-1.jpg 295w, https:\/\/best-speller.fr\/wp-content\/uploads\/2025\/05\/Capture-decran-2025-05-04-190224-1-148x300.jpg 148w\" sizes=\"auto, (max-width: 295px) 100vw, 295px\" \/><\/figure>\n\n\n\n<figure class=\"wp-block-image aligncenter size-large\"><img loading=\"lazy\" decoding=\"async\" width=\"576\" height=\"1024\" src=\"https:\/\/best-speller.fr\/wp-content\/uploads\/2025\/05\/e37ff68a-8991-4ad7-9fdd-a66d98d47763-576x1024.jpg\" alt=\"\" class=\"wp-image-190\" srcset=\"https:\/\/best-speller.fr\/wp-content\/uploads\/2025\/05\/e37ff68a-8991-4ad7-9fdd-a66d98d47763-576x1024.jpg 576w, https:\/\/best-speller.fr\/wp-content\/uploads\/2025\/05\/e37ff68a-8991-4ad7-9fdd-a66d98d47763-169x300.jpg 169w, https:\/\/best-speller.fr\/wp-content\/uploads\/2025\/05\/e37ff68a-8991-4ad7-9fdd-a66d98d47763.jpg 750w\" sizes=\"auto, (max-width: 576px) 100vw, 576px\" \/><\/figure>\n\n\n\n<figure class=\"wp-block-image size-full\"><img loading=\"lazy\" decoding=\"async\" width=\"295\" height=\"598\" src=\"https:\/\/best-speller.fr\/wp-content\/uploads\/2025\/05\/Capture-decran-2025-05-04-190224-2.jpg\" alt=\"\" class=\"wp-image-199\" srcset=\"https:\/\/best-speller.fr\/wp-content\/uploads\/2025\/05\/Capture-decran-2025-05-04-190224-2.jpg 295w, https:\/\/best-speller.fr\/wp-content\/uploads\/2025\/05\/Capture-decran-2025-05-04-190224-2-148x300.jpg 148w\" sizes=\"auto, (max-width: 295px) 100vw, 295px\" \/><\/figure>\n\n\n\n<figure class=\"wp-block-image size-large\"><img loading=\"lazy\" decoding=\"async\" width=\"576\" height=\"1024\" src=\"https:\/\/best-speller.fr\/wp-content\/uploads\/2025\/05\/7c308487-4d45-492c-b8ab-ef4daae80935-576x1024.jpg\" alt=\"\" class=\"wp-image-192\" srcset=\"https:\/\/best-speller.fr\/wp-content\/uploads\/2025\/05\/7c308487-4d45-492c-b8ab-ef4daae80935-576x1024.jpg 576w, https:\/\/best-speller.fr\/wp-content\/uploads\/2025\/05\/7c308487-4d45-492c-b8ab-ef4daae80935-169x300.jpg 169w, https:\/\/best-speller.fr\/wp-content\/uploads\/2025\/05\/7c308487-4d45-492c-b8ab-ef4daae80935.jpg 750w\" sizes=\"auto, (max-width: 576px) 100vw, 576px\" \/><\/figure>\n\n\n\n<figure class=\"wp-block-image size-large\"><img loading=\"lazy\" decoding=\"async\" width=\"576\" height=\"1024\" src=\"https:\/\/best-speller.fr\/wp-content\/uploads\/2023\/11\/d962a082-48d0-4372-b03a-3e25a968c9f7-576x1024.jpg\" alt=\"\" class=\"wp-image-186\" srcset=\"https:\/\/best-speller.fr\/wp-content\/uploads\/2023\/11\/d962a082-48d0-4372-b03a-3e25a968c9f7-576x1024.jpg 576w, https:\/\/best-speller.fr\/wp-content\/uploads\/2023\/11\/d962a082-48d0-4372-b03a-3e25a968c9f7-169x300.jpg 169w, https:\/\/best-speller.fr\/wp-content\/uploads\/2023\/11\/d962a082-48d0-4372-b03a-3e25a968c9f7.jpg 750w\" sizes=\"auto, (max-width: 576px) 100vw, 576px\" \/><\/figure>\n<\/div>\n<\/div>\n","protected":false},"excerpt":{"rendered":"<p>Une \u00e9ditrice passionn\u00e9e et bienveillante Moi, c&#8217;est Dounia. Plus jeune, j\u2019avais du mal \u00e0 savoir ce que je voulais \u00ab faire de ma vie \u00bb &#8211; rien ne me paraissait aussi fort que les livres -, jusqu\u2019\u00e0 ce que je d\u00e9couvre le m\u00e9tier d\u2019\u00e9ditrice. Ce m\u00e9tier allie tout ce qui me correspond : curiosit\u00e9, cr\u00e9ativit\u00e9, [&hellip;]<\/p>\n","protected":false},"author":1,"featured_media":0,"parent":0,"menu_order":0,"comment_status":"closed","ping_status":"closed","template":"page-blog-2","meta":{"footnotes":""},"class_list":["post-114","page","type-page","status-publish","hentry"],"_links":{"self":[{"href":"https:\/\/best-speller.fr\/index.php\/wp-json\/wp\/v2\/pages\/114","targetHints":{"allow":["GET"]}}],"collection":[{"href":"https:\/\/best-speller.fr\/index.php\/wp-json\/wp\/v2\/pages"}],"about":[{"href":"https:\/\/best-speller.fr\/index.php\/wp-json\/wp\/v2\/types\/page"}],"author":[{"embeddable":true,"href":"https:\/\/best-speller.fr\/index.php\/wp-json\/wp\/v2\/users\/1"}],"replies":[{"embeddable":true,"href":"https:\/\/best-speller.fr\/index.php\/wp-json\/wp\/v2\/comments?post=114"}],"version-history":[{"count":5,"href":"https:\/\/best-speller.fr\/index.php\/wp-json\/wp\/v2\/pages\/114\/revisions"}],"predecessor-version":[{"id":204,"href":"https:\/\/best-speller.fr\/index.php\/wp-json\/wp\/v2\/pages\/114\/revisions\/204"}],"wp:attachment":[{"href":"https:\/\/best-speller.fr\/index.php\/wp-json\/wp\/v2\/media?parent=114"}],"curies":[{"name":"wp","href":"https:\/\/api.w.org\/{rel}","templated":true}]}}